 are the prime factors of 4030?
2, 5, 13, 31
What are the prime factors of 36786?
2, 3, 6131
What are the prime factors of 271?
271
What are the prime factors of 68810?
2, 5, 7, 983
What are the prime factors of 108233?
108233
What are the prime factors of 4530?
2, 3, 5, 151
What are the prime factors of 25436?
2, 6359
What are the prime factors of 9757?
11, 887
List the prime factors of 85027.
85027
What are the prime factors of 3546?
2, 3, 197
What are the prime factors of 104?
2, 13
What are the prime factors of 269?
269
What are the prime factors of 5932?
2, 1483
What are the prime factors of 359?
359
What are the prime factors of 1651?
13, 127
List the prime factors of 38676.
2, 3, 11, 293
List the prime factors of 1499.
1499
What are the prime factors of 18039?
3, 7, 859
What are the prime factors of 13641?
3, 4547
What are the prime factors of 1005?
3, 5, 67
List the prime factors of 7974.
2, 3, 443
What are the prime factors of 42565?
5, 8513
What are the prime factors of 434?
2, 7, 31
List the prime factors of 435.
3, 5, 29
What are the prime factors of 9120?
2, 3, 5, 19
What are the prime factors of 399?
3, 7, 19
What are the prime factors of 39094?
2, 11, 1777
List the prime factors of 104149.
104149
List the prime factors of 1409.
1409
What are the prime factors of 1094?
2, 547
What are the prime factors of 692?
2, 173
What are the prime factors of 60666?
2, 3, 10111
List the prime factors of 531.
3, 59
List the prime factors of 53178.
2, 3, 8863
What are the prime factors of 9893?
13, 761
What are the prime factors of 220?
2, 5, 11
List the prime factors of 3484.
2, 13, 67
What are the prime factors of 1033?
1033
List the prime factors of 5130.
2, 3, 5, 19
List the prime factors of 81835.
5, 13, 1259
What are the prime factors of 135290?
2, 5, 83, 163
What are the prime factors of 1355?
5, 271
List the prime factors of 2249.
13, 173
List the prime factors of 19250.
2, 5, 7, 11
List the prime factors of 8911.
7, 19, 67
What are the prime factors of 19001?
19001
List the prime factors of 22915.
5, 4583
List the prime factors of 5864.
2, 733
List the prime factors of 16724.
2, 37, 113
What are the prime factors of 133?
7, 19
What are the prime factors of 897?
3, 13, 23
List the prime factors of 72086.
2, 7, 19, 271
List the prime factors of 2087.
2087
What are the prime factors of 96475?
5, 17, 227
What are the prime factors of 5029?
47, 107
What are the prime factors of 13970?
2, 5, 11, 127
List the prime factors of 83858.
2, 23, 1823
What are the prime factors of 804?
2, 3, 67
List the prime factors of 5866.
2, 7, 419
List the prime factors of 110.
2, 5, 11
What are the prime factors of 58726?
2, 29363
What are the prime factors of 2526?
2, 3, 421
What are the prime factors of 24632?
2, 3079
List the prime factors of 3682.
2, 7, 263
List the prime factors of 15746.
2, 7873
List the prime factors of 1103.
1103
What are the prime factors of 1155?
3, 5, 7, 11
What are the prime factors of 1564?
2, 17, 23
What are the prime factors of 73506?
2, 3, 12251
List the prime factors of 316.
2, 79
List the prime factors of 5496.
2, 3, 229
What are the prime factors of 39232?
2, 613
List the prime factors of 1301.
1301
List the prime factors of 944.
2, 59
What are the prime factors of 514?
2, 257
List the prime factors of 507.
3, 13
What are the prime factors of 1186?
2, 593
What are the prime factors of 297?
3, 11
What are the prime factors of 30573?
3, 43, 79
What are the prime factors of 4444?
2, 11, 101
What are the prime factors of 664?
2, 83
List the prime factors of 24352.
2, 761
List the prime factors of 623.
7, 89
What are the prime factors of 91253?
91253
What are the prime factors of 463?
463
What are the prime factors of 33101?
79, 419
List the prime factors of 4395.
3, 5, 293
List the prime factors of 22.
2, 11
What are the prime factors of 795?
3, 5, 53
What are the prime factors of 3929?
3929
What are the prime factors of 1993?
1993
List the prime factors of 10688.
2, 167
What are the prime factors of 2493?
3, 277
What are the prime factors of 11755?
5, 2351
What are the prime factors of 2542?
2, 31, 41
List the prime factors of 296.
2, 37
List the prime factors of 495.
3, 5, 11
List the prime factors of 2147.
19, 113
What are the prime factors of 63948?
2, 3, 73
List the prime factors of 21473.
109, 197
What are the prime factors of 538?
2, 269
List the prime factors of 7080.
2, 3, 5, 59
What are the prime factors of 47515?
5, 13, 17, 43
List the prime factors of 45969.
3, 7, 11, 199
What are the prime factors of 17320?
2, 5, 433
What are the prime factors of 57374?
2, 28687
What are the prime factors of 5318?
2, 2659
What are the prime factors of 58756?
2, 37, 397
What are the prime factors of 89813?
19, 29, 163
What are the prime factors of 3885?
3, 5, 7, 37
List the prime factors of 10445.
5, 2089
What are the prime factors of 84383?
13, 6491
What are the prime factors of 867?
3, 17
List the prime factors of 30426.
2, 3, 11, 461
List the prime factors of 2348.
2, 587
What are the prime factors of 18034?
2, 71, 127
List the prime factors of 2563.
11, 233
List the prime factors of 47901.
3, 7, 2281
List the prime factors of 131721.
3, 23, 83
List the prime factors of 2144.
2, 67
List the prime factors of 248.
2, 31
What are the prime factors of 9003?
3, 3001
What are the prime factors of 4960?
2, 5, 31
What are the prime factors of 20141?
11, 1831
List the prime factors of 1114.
2, 557
What are the prime factors of 42707?
7, 6101
What are the prime factors of 4873?
11, 443
What are the prime factors of 2154?
2, 3, 359
List the prime factors of 1166.
2, 11, 53
What are the prime factors of 1863?
3, 23
What are the prime factors of 93924?
2, 3, 2609
What are the prime factors of 1390?
2, 5, 139
What are the prime factors of 4044?
2, 3, 337
List the prime factors of 42293.
42293
List the prime factors of 1859.
11, 13
What are the prime factors of 2577?
3, 859
What are the prime factors of 14525?
5, 7, 83
List the prime factors of 23835.
3, 5, 7, 227
List the prime factors of 35310.
2, 3, 5, 11, 107
List the prime factors of 11899.
73, 163
What are the prime factors of 21490?
2, 5, 7, 307
List the prime factors of 202.
2, 101
List the prime factors of 3346.
2, 7, 239
List the prime factors of 12455.
5, 47, 53
List the prime factors of 8624.
2, 7, 11
List the prime factors of 1762.
2, 881
List the prime factors of 2739.
3, 11, 83
List the prime factors of 19.
19
What are the prime factors of 60278?
2, 30139
List the prime factors of 8711.
31, 281
What are the prime factors of 44436?
2, 3, 7, 23
What are the prime factors of 960?
2, 3, 5
What are the prime factors of 23810?
2, 5, 2381
List the prime factors of 1486.
2, 743
List the prime factors of 1026.
2, 3, 19
List the prime factors of 2805.
3, 5, 11, 17
List the prime factors of 71048.
2, 83, 107
What are the prime factors of 1166?
2, 11, 53
List the prime factors of 8533.
7, 23, 53
What are the prime factors of 10350?
2, 3, 5, 23
What are the prime factors of 33632?
2, 1051
What are the prime factors of 790?
2, 5, 79
List the prime factors of 2923.
37, 79
What are the prime factors of 43843?
17, 2579
List the prime factors of 1090.
2, 5, 109
List the prime factors of 16062.
2, 3, 2677
What are the prime factors of 12022?
2, 6011
What are the prime factors of 249?
3, 83
What are the prime factors of 56977?
227, 251
List the prime factors of 61193.
11, 5563
What are the prime factors of 2610?
2, 3, 5, 29
What are the prime factors of 64044?
2, 3, 593
List the prime factors of 464.
2, 29
List the prime factors of 75135.
3, 5, 5009
What are the prime factors of 2587?
13, 199
List the prime factors of 12216.
2, 3, 509
List the prime factors of 74536.
2, 7, 11
What are the prime factors of 1335?
3, 5, 89
What are the prime factors of 12598?
2, 6299
List the prime factors of 13707.
3, 1523
What are the prime factors of 61351?
19, 3229
What are the prime factors of 823?
823
What are the prime factors of 484?
2, 11
What are the prime factors of 12422?
2, 6211
What are the prime factors of 7411?
7411
List the prime factors of 18271.
11, 151
What are the prime factors of 63499?
63499
List the prime factors of 1408.
2, 11
List the prime factors of 1797.
3, 599
List the prime factors of